{"id":30,"date":"2017-03-14T10:17:29","date_gmt":"2017-03-14T09:17:29","guid":{"rendered":"https:\/\/www.domainedurayol.org\/le-jardin\/la-pepiniere\/"},"modified":"2017-07-06T16:29:36","modified_gmt":"2017-07-06T14:29:36","slug":"le-catalogue-de-la-pepiniere","status":"publish","type":"page","link":"https:\/\/www.domainedurayol.org\/en\/the-garden\/the-domaine-du-rayol-nursery\/le-catalogue-de-la-pepiniere\/","title":{"rendered":"Le catalogue de la p\u00e9pini\u00e8re"},"content":{"rendered":"<p><del>L<\/del>es\u00a0fiches culture des plantes embl\u00e9matiques du <em>Jardin des M\u00e9diterran\u00e9es<\/em> en vente \u00e0 la P\u00e9pini\u00e8re du Domaine du Rayol sont \u00e0 disposition sur place \u00e0 l&#8217;accueil et consultables en ligne ci-apr\u00e8s. La liste des fiches culture va s\u2019enrichir au fil des semaines et mois \u00e0 venir.<\/p>\n","protected":false},"excerpt":{"rendered":"La P\u00e9pini\u00e8re du Domaine du Rayol propose les plantes embl\u00e9matiques du Jardin des M\u00e9diterran\u00e9es. Durable et d\u00e9sirable, elle a pour objectif de \u201cproduire sans \u00e9puiser\u201d et se conforme pour cela \u00e0 une charte.","protected":false},"author":1,"featured_media":2000,"parent":1979,"menu_order":70,"comment_status":"closed","ping_status":"closed","template":"template-pepiniere.php","meta":{"_acf_changed":false,"footnotes":""},"class_list":["post-30","page","type-page","status-publish","has-post-thumbnail","hentry"],"acf":[],"yoast_head":"<!-- This site is optimized with the Yoast SEO plugin v24.1 - https:\/\/yoast.com\/wordpress\/plugins\/seo\/ -->\n<title>Le catalogue de la p\u00e9pini\u00e8re - Domaine du Rayol<\/title>\n<meta name=\"robots\" content=\"index, follow, max-snippet:-1, max-image-preview:large, max-video-preview:-1\" \/>\n<link rel=\"canonical\" href=\"https:\/\/www.domainedurayol.org\/en\/the-garden\/the-domaine-du-rayol-nursery\/le-catalogue-de-la-pepiniere\/\" \/>\n<meta property=\"og:locale\" content=\"en_US\" \/>\n<meta property=\"og:type\" content=\"article\" \/>\n<meta property=\"og:title\" content=\"Le catalogue de la p\u00e9pini\u00e8re - Domaine du Rayol\" \/>\n<meta property=\"og:description\" content=\"La P\u00e9pini\u00e8re du Domaine du Rayol propose les plantes embl\u00e9matiques du Jardin des M\u00e9diterran\u00e9es. Durable et d\u00e9sirable, elle a pour objectif de \u201cproduire sans \u00e9puiser\u201d et se conforme pour cela \u00e0 une charte.\" \/>\n<meta property=\"og:url\" content=\"https:\/\/www.domainedurayol.org\/en\/the-garden\/the-domaine-du-rayol-nursery\/le-catalogue-de-la-pepiniere\/\" \/>\n<meta property=\"og:site_name\" content=\"Domaine du Rayol\" \/>\n<meta property=\"article:modified_time\" content=\"2017-07-06T14:29:36+00:00\" \/>\n<meta property=\"og:image\" content=\"https:\/\/www.domainedurayol.org\/en\/wp-content\/uploads\/sites\/4\/2017\/04\/P\u00e9pini\u00e8re-\u00a9-Domaine-du-Rayol-Chlo\u00e9-ARREGOCES-2-e1492762433273.jpg\" \/>\n\t<meta property=\"og:image:width\" content=\"1000\" \/>\n\t<meta property=\"og:image:height\" content=\"418\" \/>\n\t<meta property=\"og:image:type\" content=\"image\/jpeg\" \/>\n<meta name=\"twitter:card\" content=\"summary_large_image\" \/>\n<script type=\"application\/ld+json\" class=\"yoast-schema-graph\">{\"@context\":\"https:\/\/schema.org\",\"@graph\":[{\"@type\":\"WebPage\",\"@id\":\"https:\/\/www.domainedurayol.org\/en\/the-garden\/the-domaine-du-rayol-nursery\/le-catalogue-de-la-pepiniere\/\",\"url\":\"https:\/\/www.domainedurayol.org\/en\/the-garden\/the-domaine-du-rayol-nursery\/le-catalogue-de-la-pepiniere\/\",\"name\":\"Le catalogue de la p\u00e9pini\u00e8re - Domaine du Rayol\",\"isPartOf\":{\"@id\":\"https:\/\/www.domainedurayol.org\/en\/#website\"},\"primaryImageOfPage\":{\"@id\":\"https:\/\/www.domainedurayol.org\/en\/the-garden\/the-domaine-du-rayol-nursery\/le-catalogue-de-la-pepiniere\/#primaryimage\"},\"image\":{\"@id\":\"https:\/\/www.domainedurayol.org\/en\/the-garden\/the-domaine-du-rayol-nursery\/le-catalogue-de-la-pepiniere\/#primaryimage\"},\"thumbnailUrl\":\"https:\/\/www.domainedurayol.org\/en\/wp-content\/uploads\/sites\/4\/2017\/04\/P\u00e9pini\u00e8re-\u00a9-Domaine-du-Rayol-Chlo\u00e9-ARREGOCES-2-e1492762433273.jpg\",\"datePublished\":\"2017-03-14T09:17:29+00:00\",\"dateModified\":\"2017-07-06T14:29:36+00:00\",\"breadcrumb\":{\"@id\":\"https:\/\/www.domainedurayol.org\/en\/the-garden\/the-domaine-du-rayol-nursery\/le-catalogue-de-la-pepiniere\/#breadcrumb\"},\"inLanguage\":\"en-EN\",\"potentialAction\":[{\"@type\":\"ReadAction\",\"target\":[\"https:\/\/www.domainedurayol.org\/en\/the-garden\/the-domaine-du-rayol-nursery\/le-catalogue-de-la-pepiniere\/\"]}]},{\"@type\":\"ImageObject\",\"inLanguage\":\"en-EN\",\"@id\":\"https:\/\/www.domainedurayol.org\/en\/the-garden\/the-domaine-du-rayol-nursery\/le-catalogue-de-la-pepiniere\/#primaryimage\",\"url\":\"https:\/\/www.domainedurayol.org\/en\/wp-content\/uploads\/sites\/4\/2017\/04\/P\u00e9pini\u00e8re-\u00a9-Domaine-du-Rayol-Chlo\u00e9-ARREGOCES-2-e1492762433273.jpg\",\"contentUrl\":\"https:\/\/www.domainedurayol.org\/en\/wp-content\/uploads\/sites\/4\/2017\/04\/P\u00e9pini\u00e8re-\u00a9-Domaine-du-Rayol-Chlo\u00e9-ARREGOCES-2-e1492762433273.jpg\",\"width\":1000,\"height\":418,\"caption\":\"La P\u00e9pini\u00e8re\"},{\"@type\":\"BreadcrumbList\",\"@id\":\"https:\/\/www.domainedurayol.org\/en\/the-garden\/the-domaine-du-rayol-nursery\/le-catalogue-de-la-pepiniere\/#breadcrumb\",\"itemListElement\":[{\"@type\":\"ListItem\",\"position\":1,\"name\":\"Accueil\",\"item\":\"https:\/\/www.domainedurayol.org\/en\/\"},{\"@type\":\"ListItem\",\"position\":2,\"name\":\"More than a garden\",\"item\":\"https:\/\/www.domainedurayol.org\/en\/the-garden\/\"},{\"@type\":\"ListItem\",\"position\":3,\"name\":\"The Ecological Plant shop\",\"item\":\"https:\/\/www.domainedurayol.org\/en\/the-garden\/the-domaine-du-rayol-nursery\/\"},{\"@type\":\"ListItem\",\"position\":4,\"name\":\"Le catalogue de la p\u00e9pini\u00e8re\"}]},{\"@type\":\"WebSite\",\"@id\":\"https:\/\/www.domainedurayol.org\/en\/#website\",\"url\":\"https:\/\/www.domainedurayol.org\/en\/\",\"name\":\"Domaine du Rayol\",\"description\":\"Le Jardin des M\u00e9diterran\u00e9es\",\"potentialAction\":[{\"@type\":\"SearchAction\",\"target\":{\"@type\":\"EntryPoint\",\"urlTemplate\":\"https:\/\/www.domainedurayol.org\/en\/?s={search_term_string}\"},\"query-input\":{\"@type\":\"PropertyValueSpecification\",\"valueRequired\":true,\"valueName\":\"search_term_string\"}}],\"inLanguage\":\"en-EN\"}]}<\/script>\n<!-- \/ Yoast SEO plugin. -->","yoast_head_json":{"title":"Le catalogue de la p\u00e9pini\u00e8re - Domaine du Rayol","robots":{"index":"index","follow":"follow","max-snippet":"max-snippet:-1","max-image-preview":"max-image-preview:large","max-video-preview":"max-video-preview:-1"},"canonical":"https:\/\/www.domainedurayol.org\/en\/the-garden\/the-domaine-du-rayol-nursery\/le-catalogue-de-la-pepiniere\/","og_locale":"en_US","og_type":"article","og_title":"Le catalogue de la p\u00e9pini\u00e8re - Domaine du Rayol","og_description":"La P\u00e9pini\u00e8re du Domaine du Rayol propose les plantes embl\u00e9matiques du Jardin des M\u00e9diterran\u00e9es. Durable et d\u00e9sirable, elle a pour objectif de \u201cproduire sans \u00e9puiser\u201d et se conforme pour cela \u00e0 une charte.","og_url":"https:\/\/www.domainedurayol.org\/en\/the-garden\/the-domaine-du-rayol-nursery\/le-catalogue-de-la-pepiniere\/","og_site_name":"Domaine du Rayol","article_modified_time":"2017-07-06T14:29:36+00:00","og_image":[{"width":1000,"height":418,"url":"https:\/\/www.domainedurayol.org\/en\/wp-content\/uploads\/sites\/4\/2017\/04\/P\u00e9pini\u00e8re-\u00a9-Domaine-du-Rayol-Chlo\u00e9-ARREGOCES-2-e1492762433273.jpg","type":"image\/jpeg"}],"twitter_card":"summary_large_image","schema":{"@context":"https:\/\/schema.org","@graph":[{"@type":"WebPage","@id":"https:\/\/www.domainedurayol.org\/en\/the-garden\/the-domaine-du-rayol-nursery\/le-catalogue-de-la-pepiniere\/","url":"https:\/\/www.domainedurayol.org\/en\/the-garden\/the-domaine-du-rayol-nursery\/le-catalogue-de-la-pepiniere\/","name":"Le catalogue de la p\u00e9pini\u00e8re - Domaine du Rayol","isPartOf":{"@id":"https:\/\/www.domainedurayol.org\/en\/#website"},"primaryImageOfPage":{"@id":"https:\/\/www.domainedurayol.org\/en\/the-garden\/the-domaine-du-rayol-nursery\/le-catalogue-de-la-pepiniere\/#primaryimage"},"image":{"@id":"https:\/\/www.domainedurayol.org\/en\/the-garden\/the-domaine-du-rayol-nursery\/le-catalogue-de-la-pepiniere\/#primaryimage"},"thumbnailUrl":"https:\/\/www.domainedurayol.org\/en\/wp-content\/uploads\/sites\/4\/2017\/04\/P\u00e9pini\u00e8re-\u00a9-Domaine-du-Rayol-Chlo\u00e9-ARREGOCES-2-e1492762433273.jpg","datePublished":"2017-03-14T09:17:29+00:00","dateModified":"2017-07-06T14:29:36+00:00","breadcrumb":{"@id":"https:\/\/www.domainedurayol.org\/en\/the-garden\/the-domaine-du-rayol-nursery\/le-catalogue-de-la-pepiniere\/#breadcrumb"},"inLanguage":"en-EN","potentialAction":[{"@type":"ReadAction","target":["https:\/\/www.domainedurayol.org\/en\/the-garden\/the-domaine-du-rayol-nursery\/le-catalogue-de-la-pepiniere\/"]}]},{"@type":"ImageObject","inLanguage":"en-EN","@id":"https:\/\/www.domainedurayol.org\/en\/the-garden\/the-domaine-du-rayol-nursery\/le-catalogue-de-la-pepiniere\/#primaryimage","url":"https:\/\/www.domainedurayol.org\/en\/wp-content\/uploads\/sites\/4\/2017\/04\/P\u00e9pini\u00e8re-\u00a9-Domaine-du-Rayol-Chlo\u00e9-ARREGOCES-2-e1492762433273.jpg","contentUrl":"https:\/\/www.domainedurayol.org\/en\/wp-content\/uploads\/sites\/4\/2017\/04\/P\u00e9pini\u00e8re-\u00a9-Domaine-du-Rayol-Chlo\u00e9-ARREGOCES-2-e1492762433273.jpg","width":1000,"height":418,"caption":"La P\u00e9pini\u00e8re"},{"@type":"BreadcrumbList","@id":"https:\/\/www.domainedurayol.org\/en\/the-garden\/the-domaine-du-rayol-nursery\/le-catalogue-de-la-pepiniere\/#breadcrumb","itemListElement":[{"@type":"ListItem","position":1,"name":"Accueil","item":"https:\/\/www.domainedurayol.org\/en\/"},{"@type":"ListItem","position":2,"name":"More than a garden","item":"https:\/\/www.domainedurayol.org\/en\/the-garden\/"},{"@type":"ListItem","position":3,"name":"The Ecological Plant shop","item":"https:\/\/www.domainedurayol.org\/en\/the-garden\/the-domaine-du-rayol-nursery\/"},{"@type":"ListItem","position":4,"name":"Le catalogue de la p\u00e9pini\u00e8re"}]},{"@type":"WebSite","@id":"https:\/\/www.domainedurayol.org\/en\/#website","url":"https:\/\/www.domainedurayol.org\/en\/","name":"Domaine du Rayol","description":"Le Jardin des M\u00e9diterran\u00e9es","potentialAction":[{"@type":"SearchAction","target":{"@type":"EntryPoint","urlTemplate":"https:\/\/www.domainedurayol.org\/en\/?s={search_term_string}"},"query-input":{"@type":"PropertyValueSpecification","valueRequired":true,"valueName":"search_term_string"}}],"inLanguage":"en-EN"}]}},"_links":{"self":[{"href":"https:\/\/www.domainedurayol.org\/en\/wp-json\/wp\/v2\/pages\/30","targetHints":{"allow":["GET"]}}],"collection":[{"href":"https:\/\/www.domainedurayol.org\/en\/wp-json\/wp\/v2\/pages"}],"about":[{"href":"https:\/\/www.domainedurayol.org\/en\/wp-json\/wp\/v2\/types\/page"}],"author":[{"embeddable":true,"href":"https:\/\/www.domainedurayol.org\/en\/wp-json\/wp\/v2\/users\/1"}],"replies":[{"embeddable":true,"href":"https:\/\/www.domainedurayol.org\/en\/wp-json\/wp\/v2\/comments?post=30"}],"version-history":[{"count":0,"href":"https:\/\/www.domainedurayol.org\/en\/wp-json\/wp\/v2\/pages\/30\/revisions"}],"up":[{"embeddable":true,"href":"https:\/\/www.domainedurayol.org\/en\/wp-json\/wp\/v2\/pages\/1979"}],"wp:featuredmedia":[{"embeddable":true,"href":"https:\/\/www.domainedurayol.org\/en\/wp-json\/wp\/v2\/media\/2000"}],"wp:attachment":[{"href":"https:\/\/www.domainedurayol.org\/en\/wp-json\/wp\/v2\/media?parent=30"}],"curies":[{"name":"wp","href":"https:\/\/api.w.org\/{rel}","templated":true}]}}

Le catalogue de la pépinière

<p><del>L</del>es fiches culture des plantes emblématiques du <em>Jardin des Méditerranées</em> en vente à la Pépinière du Domaine du Rayol sont à disposition sur place à l&#8217;accueil et consultables en ligne ci-après. La liste des fiches culture va s’enrichir au fil des semaines et mois à venir.</p>

La Pépinière du Domaine du Rayol propose les plantes emblématiques du Jardin des Méditerranées. Durable et désirable, elle a pour objectif de “produire sans épuiser” et se conforme pour cela à une charte.

<!-- This site is optimized with the Yoast SEO plugin v24.1 - https://yoast.com/wordpress/plugins/seo/ -->
<title>Le catalogue de la pépinière - Domaine du Rayol</title>
<meta name="robots" content="index, follow, max-snippet:-1, max-image-preview:large, max-video-preview:-1" />
<link rel="canonical" href="https://www.domainedurayol.org/en/the-garden/the-domaine-du-rayol-nursery/le-catalogue-de-la-pepiniere/" />
<meta property="og:locale" content="en_US" />
<meta property="og:type" content="article" />
<meta property="og:title" content="Le catalogue de la pépinière - Domaine du Rayol" />
<meta property="og:description" content="La Pépinière du Domaine du Rayol propose les plantes emblématiques du Jardin des Méditerranées. Durable et désirable, elle a pour objectif de “produire sans épuiser” et se conforme pour cela à une charte." />
<meta property="og:url" content="https://www.domainedurayol.org/en/the-garden/the-domaine-du-rayol-nursery/le-catalogue-de-la-pepiniere/" />
<meta property="og:site_name" content="Domaine du Rayol" />
<meta property="article:modified_time" content="2017-07-06T14:29:36+00:00" />
<meta property="og:image" content="https://www.domainedurayol.org/en/wp-content/uploads/sites/4/2017/04/Pépinière-©-Domaine-du-Rayol-Chloé-ARREGOCES-2-e1492762433273.jpg" />
	<meta property="og:image:width" content="1000" />
	<meta property="og:image:height" content="418" />
	<meta property="og:image:type" content="image/jpeg" />
<meta name="twitter:card" content="summary_large_image" />
<script type="application/ld+json" class="yoast-schema-graph">{"@context":"https://schema.org","@graph":[{"@type":"WebPage","@id":"https://www.domainedurayol.org/en/the-garden/the-domaine-du-rayol-nursery/le-catalogue-de-la-pepiniere/","url":"https://www.domainedurayol.org/en/the-garden/the-domaine-du-rayol-nursery/le-catalogue-de-la-pepiniere/","name":"Le catalogue de la pépinière - Domaine du Rayol","isPartOf":{"@id":"https://www.domainedurayol.org/en/#website"},"primaryImageOfPage":{"@id":"https://www.domainedurayol.org/en/the-garden/the-domaine-du-rayol-nursery/le-catalogue-de-la-pepiniere/#primaryimage"},"image":{"@id":"https://www.domainedurayol.org/en/the-garden/the-domaine-du-rayol-nursery/le-catalogue-de-la-pepiniere/#primaryimage"},"thumbnailUrl":"https://www.domainedurayol.org/en/wp-content/uploads/sites/4/2017/04/Pépinière-©-Domaine-du-Rayol-Chloé-ARREGOCES-2-e1492762433273.jpg","datePublished":"2017-03-14T09:17:29+00:00","dateModified":"2017-07-06T14:29:36+00:00","breadcrumb":{"@id":"https://www.domainedurayol.org/en/the-garden/the-domaine-du-rayol-nursery/le-catalogue-de-la-pepiniere/#breadcrumb"},"inLanguage":"en-EN","potentialAction":[{"@type":"ReadAction","target":["https://www.domainedurayol.org/en/the-garden/the-domaine-du-rayol-nursery/le-catalogue-de-la-pepiniere/"]}]},{"@type":"ImageObject","inLanguage":"en-EN","@id":"https://www.domainedurayol.org/en/the-garden/the-domaine-du-rayol-nursery/le-catalogue-de-la-pepiniere/#primaryimage","url":"https://www.domainedurayol.org/en/wp-content/uploads/sites/4/2017/04/Pépinière-©-Domaine-du-Rayol-Chloé-ARREGOCES-2-e1492762433273.jpg","contentUrl":"https://www.domainedurayol.org/en/wp-content/uploads/sites/4/2017/04/Pépinière-©-Domaine-du-Rayol-Chloé-ARREGOCES-2-e1492762433273.jpg","width":1000,"height":418,"caption":"La Pépinière"},{"@type":"BreadcrumbList","@id":"https://www.domainedurayol.org/en/the-garden/the-domaine-du-rayol-nursery/le-catalogue-de-la-pepiniere/#breadcrumb","itemListElement":[{"@type":"ListItem","position":1,"name":"Accueil","item":"https://www.domainedurayol.org/en/"},{"@type":"ListItem","position":2,"name":"More than a garden","item":"https://www.domainedurayol.org/en/the-garden/"},{"@type":"ListItem","position":3,"name":"The Ecological Plant shop","item":"https://www.domainedurayol.org/en/the-garden/the-domaine-du-rayol-nursery/"},{"@type":"ListItem","position":4,"name":"Le catalogue de la pépinière"}]},{"@type":"WebSite","@id":"https://www.domainedurayol.org/en/#website","url":"https://www.domainedurayol.org/en/","name":"Domaine du Rayol","description":"Le Jardin des Méditerranées","potentialAction":[{"@type":"SearchAction","target":{"@type":"EntryPoint","urlTemplate":"https://www.domainedurayol.org/en/?s={search_term_string}"},"query-input":{"@type":"PropertyValueSpecification","valueRequired":true,"valueName":"search_term_string"}}],"inLanguage":"en-EN"}]}</script>
<!-- / Yoast SEO plugin. -->

Le catalogue de la pépinière - Domaine du Rayol

https://www.domainedurayol.org/en/wp-content/uploads/sites/4/2017/04/Pépinière-©-Domaine-du-Rayol-Chloé-ARREGOCES-2-e1492762433273.jpg

La Pépinière

Le Jardin des Méditerranées
