{"version":"1.0","provider_name":"Domaine du Rayol","provider_url":"https:\/\/www.domainedurayol.org\/en","author_name":"Domaine du Rayol","author_url":"https:\/\/www.domainedurayol.org\/en","title":"Duo F. CHAPLIN et A. BRE - Domaine du Rayol","type":"rich","width":600,"height":338,"html":"<blockquote class=\"wp-embedded-content\" data-secret=\"kTpxJ1RcKv\"><a href=\"https:\/\/www.domainedurayol.org\/en\/evenement\/duo-f-chaplin-et-a-bre\/\">Duo F. CHAPLIN et A. BRE<\/a><\/blockquote><iframe sandbox=\"allow-scripts\" security=\"restricted\" src=\"https:\/\/www.domainedurayol.org\/en\/evenement\/duo-f-chaplin-et-a-bre\/embed\/#?secret=kTpxJ1RcKv\" width=\"600\" height=\"338\" title=\"&#8220;Duo F. CHAPLIN et A. BRE&#8221; &#8212; Domaine du Rayol\" data-secret=\"kTpxJ1RcKv\" frameborder=\"0\" marginwidth=\"0\" marginheight=\"0\" scrolling=\"no\" class=\"wp-embedded-content\"><\/iframe><script type=\"text\/javascript\">\n\/* <![CDATA[ *\/\n\/*! This file is auto-generated *\/\n!function(d,l){\"use strict\";l.querySelector&&d.addEventListener&&\"undefined\"!=typeof URL&&(d.wp=d.wp||{},d.wp.receiveEmbedMessage||(d.wp.receiveEmbedMessage=function(e){var t=e.data;if((t||t.secret||t.message||t.value)&&!\/[^a-zA-Z0-9]\/.test(t.secret)){for(var s,r,n,a=l.querySelectorAll('iframe[data-secret=\"'+t.secret+'\"]'),o=l.querySelectorAll('blockquote[data-secret=\"'+t.secret+'\"]'),c=new RegExp(\"^https?:$\",\"i\"),i=0;i<o.length;i++)o[i].style.display=\"none\";for(i=0;i<a.length;i++)s=a[i],e.source===s.contentWindow&&(s.removeAttribute(\"style\"),\"height\"===t.message?(1e3<(r=parseInt(t.value,10))?r=1e3:~~r<200&&(r=200),s.height=r):\"link\"===t.message&&(r=new URL(s.getAttribute(\"src\")),n=new URL(t.value),c.test(n.protocol))&&n.host===r.host&&l.activeElement===s&&(d.top.location.href=t.value))}},d.addEventListener(\"message\",d.wp.receiveEmbedMessage,!1),l.addEventListener(\"DOMContentLoaded\",function(){for(var e,t,s=l.querySelectorAll(\"iframe.wp-embedded-content\"),r=0;r<s.length;r++)(t=(e=s[r]).getAttribute(\"data-secret\"))||(t=Math.random().toString(36).substring(2,12),e.src+=\"#?secret=\"+t,e.setAttribute(\"data-secret\",t)),e.contentWindow.postMessage({message:\"ready\",secret:t},\"*\")},!1)))}(window,document);\n\/* ]]> *\/\n<\/script>\n","description":"Dans le contexte sanitaire actuel, afin de garantir votre s\u00e9curit\u00e9 et vous accueillir dans les meilleures conditions, notre \u00e9quipe met en place les mesures suivantes :- Port du masque \u00e0 votre arriv\u00e9e au Domaine du Rayol et lors de vos d\u00e9placements. Vous pourrez le retirer une fois install\u00e9(e) \u00e0 votre place.- Mise \u00e0 disposition de gel hydroalcoolique \u00e0 l\u2019entr\u00e9e du Domaine.- Distance minimale d\u2019un si\u00e8ge entre chaque personne ou groupe de personnes venant ensemble ou ayant r\u00e9serv\u00e9 ensemble pour le concert.- Les d\u00eeners ont lieu au restaurant Le Caf\u00e9 des Jardiniers, en plein air au c\u0153ur du Jardin, uniquement sur r\u00e9servation, dans le respect des mesures sanitaires impos\u00e9es.- Port du masque par les membres de l\u2019\u00e9quipe du Domaine du Rayol en contact avec le public.- La buvette de l\u2019entracte est annul\u00e9e afin d\u2019\u00e9viter les mouvements du public.A noter : le plan de salle est susceptible d\u2019\u00e9voluer d\u2019ici la date de chaque concert, en fonction des contraintes sanitaires impos\u00e9es. Il n\u2019est donc pas contractuel. Nous vous remercions pour votre compr\u00e9hension."}

Dans le contexte sanitaire actuel, afin de garantir votre sécurité et vous accueillir dans les meilleures conditions, notre équipe met en place les mesures suivantes :- Port du masque à votre arrivée au Domaine du Rayol et lors de vos déplacements. Vous pourrez le retirer une fois installé(e) à votre place.- Mise à disposition de gel hydroalcoolique à l’entrée du Domaine.- Distance minimale d’un siège entre chaque personne ou groupe de personnes venant ensemble ou ayant réservé ensemble pour le concert.- Les dîners ont lieu au restaurant Le Café des Jardiniers, en plein air au cœur du Jardin, uniquement sur réservation, dans le respect des mesures sanitaires imposées.- Port du masque par les membres de l’équipe du Domaine du Rayol en contact avec le public.- La buvette de l’entracte est annulée afin d’éviter les mouvements du public.A noter : le plan de salle est susceptible d’évoluer d’ici la date de chaque concert, en fonction des contraintes sanitaires imposées. Il n’est donc pas contractuel. Nous vous remercions pour votre compréhension.
