{"version":"1.0","provider_name":"Domaine du Rayol","provider_url":"https:\/\/www.domainedurayol.org\/en","author_name":"Julien Barral","author_url":"https:\/\/www.domainedurayol.org\/en\/author\/julien-barral\/","title":"Le conseil des jardiniers : le repos estival - Domaine du Rayol","type":"rich","width":600,"height":338,"html":"<blockquote class=\"wp-embedded-content\" data-secret=\"Dryp7RBScq\"><a href=\"https:\/\/www.domainedurayol.org\/en\/conseil-jardiniers-repos-estival\/\">Le conseil des jardiniers : le repos estival<\/a><\/blockquote><iframe sandbox=\"allow-scripts\" security=\"restricted\" src=\"https:\/\/www.domainedurayol.org\/en\/conseil-jardiniers-repos-estival\/embed\/#?secret=Dryp7RBScq\" width=\"600\" height=\"338\" title=\"&#8220;Le conseil des jardiniers : le repos estival&#8221; &#8212; Domaine du Rayol\" data-secret=\"Dryp7RBScq\" frameborder=\"0\" marginwidth=\"0\" marginheight=\"0\" scrolling=\"no\" class=\"wp-embedded-content\"><\/iframe><script type=\"text\/javascript\">\n\/* <![CDATA[ *\/\n\/*! This file is auto-generated *\/\n!function(d,l){\"use strict\";l.querySelector&&d.addEventListener&&\"undefined\"!=typeof URL&&(d.wp=d.wp||{},d.wp.receiveEmbedMessage||(d.wp.receiveEmbedMessage=function(e){var t=e.data;if((t||t.secret||t.message||t.value)&&!\/[^a-zA-Z0-9]\/.test(t.secret)){for(var s,r,n,a=l.querySelectorAll('iframe[data-secret=\"'+t.secret+'\"]'),o=l.querySelectorAll('blockquote[data-secret=\"'+t.secret+'\"]'),c=new RegExp(\"^https?:$\",\"i\"),i=0;i<o.length;i++)o[i].style.display=\"none\";for(i=0;i<a.length;i++)s=a[i],e.source===s.contentWindow&&(s.removeAttribute(\"style\"),\"height\"===t.message?(1e3<(r=parseInt(t.value,10))?r=1e3:~~r<200&&(r=200),s.height=r):\"link\"===t.message&&(r=new URL(s.getAttribute(\"src\")),n=new URL(t.value),c.test(n.protocol))&&n.host===r.host&&l.activeElement===s&&(d.top.location.href=t.value))}},d.addEventListener(\"message\",d.wp.receiveEmbedMessage,!1),l.addEventListener(\"DOMContentLoaded\",function(){for(var e,t,s=l.querySelectorAll(\"iframe.wp-embedded-content\"),r=0;r<s.length;r++)(t=(e=s[r]).getAttribute(\"data-secret\"))||(t=Math.random().toString(36).substring(2,12),e.src+=\"#?secret=\"+t,e.setAttribute(\"data-secret\",t)),e.contentWindow.postMessage({message:\"ready\",secret:t},\"*\")},!1)))}(window,document);\n\/* ]]> *\/\n<\/script>\n","thumbnail_url":"https:\/\/www.domainedurayol.org\/en\/wp-content\/uploads\/sites\/4\/2017\/03\/Printemps-Jardin-de-Californie-\u00a9-Domaine-du-Rayol-e1492762467689.jpg","thumbnail_width":1000,"thumbnail_height":561,"description":"En cette fin du mois de juin, les temp\u00e9ratures ont atteint des sommets. Plus de 30\u00b0C sur la c\u00f4te m\u00e9diterran\u00e9enne, c\u2019est assez rare. La mer permet, en g\u00e9n\u00e9ral, de r\u00e9guler ces temp\u00e9ratures extr\u00eames, que ce soit l&#8217;hiver ou l&#8217;\u00e9t\u00e9. Ajout\u00e9e \u00e0 cela, une s\u00e9cheresse tr\u00e8s prononc\u00e9e (- de 200 mm de pr\u00e9cipitations depuis le d\u00e9but {...}"}

En cette fin du mois de juin, les températures ont atteint des sommets. Plus de 30°C sur la côte méditerranéenne, c’est assez rare. La mer permet, en général, de réguler ces températures extrêmes, que ce soit l&#8217;hiver ou l&#8217;été. Ajoutée à cela, une sécheresse très prononcée (- de 200 mm de précipitations depuis le début {...}
